{"id":198,"date":"2024-04-21T22:26:39","date_gmt":"2024-04-21T20:26:39","guid":{"rendered":"https:\/\/www.buerger-fuer-kaltenweide.de\/flohmarkt\/?page_id=198"},"modified":"2026-03-01T10:34:45","modified_gmt":"2026-03-01T09:34:45","slug":"willkommen-zum-flohmarkt-kaltenweide","status":"publish","type":"page","link":"https:\/\/www.buerger-fuer-kaltenweide.de\/flohmarkt\/","title":{"rendered":"Willkommen zum Flohmarkt Kaltenweide \u2013 dem gr\u00f6\u00dften Flohmarkt in Langenhagen ausschlie\u00dflich f\u00fcr private Verk\u00e4uferinnen und Verk\u00e4ufer!"},"content":{"rendered":"\n<div class=\"wp-block-columns is-layout-flex wp-container-core-columns-is-layout-9d6595d7 wp-block-columns-is-layout-flex\">\n<div class=\"wp-block-column is-layout-flow wp-block-column-is-layout-flow\" style=\"flex-basis:66.66%\">\n<h6 class=\"wp-block-heading\">Entdecke die einzigartige und entspannte Flohmarkt-Atmosph\u00e4re in Zentrum von Kaltenweide! Durchst\u00f6bere \u00fcber 100 St\u00e4nde voller verschiedenster Second-Hand-Sch\u00e4tze und ergatter Schn\u00e4ppchen und einzigartige Fundst\u00fccke. <\/h6>\n\n\n\n<h6 class=\"wp-block-heading\">Du kannst auch selbst mit einem Stand teilnehmen und Platz schaffen in den eigenen vier W\u00e4nden sowie Deinem Kleiderschrank zum Wohle der Umwelt und des Geldbeutels.<\/h6>\n\n\n\n<h6 class=\"wp-block-heading\">Besuche uns und entdecke Deinen neuen Lieblingsflohmarkt in Kaltenweide \u2013 wo Sch\u00e4tze und Schn\u00e4ppchen auf Dich warten!<\/h6>\n<\/div>\n\n\n\n<div class=\"wp-block-column is-layout-flow wp-block-column-is-layout-flow\" style=\"flex-basis:33.33%\">\n<figure class=\"wp-block-image size-full\"><img loading=\"lazy\" decoding=\"async\" width=\"2560\" height=\"1920\" src=\"https:\/\/www.buerger-fuer-kaltenweide.de\/flohmarkt\/wp-content\/uploads\/sites\/4\/2024\/11\/IMG_5536-scaled.jpeg\" alt=\"(c) 2024 - Florian Windeck \/ B\u00fcrger f\u00fcr Kaltenweide e.V. | Flohmarkt Kaltenweide am 15.09.2024\" class=\"wp-image-780\" srcset=\"https:\/\/www.buerger-fuer-kaltenweide.de\/flohmarkt\/wp-content\/uploads\/sites\/4\/2024\/11\/IMG_5536-scaled.jpeg 2560w, https:\/\/www.buerger-fuer-kaltenweide.de\/flohmarkt\/wp-content\/uploads\/sites\/4\/2024\/11\/IMG_5536-300x225.jpeg 300w, https:\/\/www.buerger-fuer-kaltenweide.de\/flohmarkt\/wp-content\/uploads\/sites\/4\/2024\/11\/IMG_5536-768x576.jpeg 768w, https:\/\/www.buerger-fuer-kaltenweide.de\/flohmarkt\/wp-content\/uploads\/sites\/4\/2024\/11\/IMG_5536-1536x1152.jpeg 1536w, https:\/\/www.buerger-fuer-kaltenweide.de\/flohmarkt\/wp-content\/uploads\/sites\/4\/2024\/11\/IMG_5536-2048x1536.jpeg 2048w, https:\/\/www.buerger-fuer-kaltenweide.de\/flohmarkt\/wp-content\/uploads\/sites\/4\/2024\/11\/IMG_5536-600x450.jpeg 600w, https:\/\/www.buerger-fuer-kaltenweide.de\/flohmarkt\/wp-content\/uploads\/sites\/4\/2024\/11\/IMG_5536-320x240.jpeg 320w\" sizes=\"auto, (max-width: 2560px) 100vw, 2560px\" \/><\/figure>\n<\/div>\n<\/div>\n\n\n\n<hr class=\"wp-block-separator has-text-color has-vivid-green-cyan-color has-alpha-channel-opacity has-vivid-green-cyan-background-color has-background is-style-wide\"\/>\n\n\n\n<h2 class=\"wp-block-heading\">Unsere Gastronomie-Partner<\/h2>\n\n\n\n<div class=\"wp-block-columns is-layout-flex wp-container-core-columns-is-layout-9d6595d7 wp-block-columns-is-layout-flex\">\n<div class=\"wp-block-column is-layout-flow wp-block-column-is-layout-flow\"><div class=\"wp-block-image\">\n<figure class=\"aligncenter size-full is-resized\"><a href=\"https:\/\/www.buerger-fuer-kaltenweide.de\/ttav\" target=\"_blank\" rel=\" noreferrer noopener\"><img loading=\"lazy\" decoding=\"async\" width=\"240\" height=\"232\" src=\"https:\/\/www.buerger-fuer-kaltenweide.de\/flohmarkt\/wp-content\/uploads\/sites\/4\/2025\/04\/logo-foerderverein-3.png\" alt=\"\" class=\"wp-image-1165\" style=\"width:250px;height:auto\"\/><\/a><\/figure>\n<\/div><\/div>\n\n\n\n<div class=\"wp-block-column is-layout-flow wp-block-column-is-layout-flow\"><div class=\"wp-block-image\">\n<figure class=\"aligncenter size-full is-resized\"><a href=\"https:\/\/www.buerger-fuer-kaltenweide.de\/2hld\" target=\"_blank\" rel=\" noreferrer noopener\"><img loading=\"lazy\" decoding=\"async\" width=\"495\" height=\"409\" src=\"https:\/\/www.buerger-fuer-kaltenweide.de\/flohmarkt\/wp-content\/uploads\/sites\/4\/2025\/04\/logo_maurizio.png\" alt=\"\" class=\"wp-image-1164\" style=\"width:250px\" srcset=\"https:\/\/www.buerger-fuer-kaltenweide.de\/flohmarkt\/wp-content\/uploads\/sites\/4\/2025\/04\/logo_maurizio.png 495w, https:\/\/www.buerger-fuer-kaltenweide.de\/flohmarkt\/wp-content\/uploads\/sites\/4\/2025\/04\/logo_maurizio-300x248.png 300w\" sizes=\"auto, (max-width: 495px) 100vw, 495px\" \/><\/a><\/figure>\n<\/div><\/div>\n\n\n\n<div class=\"wp-block-column is-layout-flow wp-block-column-is-layout-flow\"><\/div>\n<\/div>\n\n\n\n<hr class=\"wp-block-separator has-text-color has-vivid-green-cyan-color has-alpha-channel-opacity has-vivid-green-cyan-background-color has-background is-style-wide\"\/>\n\n\n\n<div class=\"wp-block-columns is-layout-flex wp-container-core-columns-is-layout-9d6595d7 wp-block-columns-is-layout-flex\">\n<div class=\"wp-block-column is-layout-flow wp-block-column-is-layout-flow\">\n<h5 class=\"wp-block-heading\">Was Dich erwartet<\/h5>\n\n\n\n<ul class=\"wp-block-list\">\n<li><strong>Vielf\u00e4ltiges Angebot:<\/strong>&nbsp;Von Kleidung \u00fcber Haushaltswaren bis hin zu Sammlerst\u00fccken \u2013 hier finden Sie alles, was das Herz begehrt.<\/li>\n\n\n\n<li><strong>Privater Verkauf:<\/strong>&nbsp;Der Flohmarkt ist speziell f\u00fcr private Verk\u00e4uferinnen und Verk\u00e4ufer, die ihre gebrauchten Artikel an neue Besitzer weitergeben m\u00f6chten.<\/li>\n\n\n\n<li><strong>Gem\u00fctliche Atmosph\u00e4re:<\/strong>&nbsp;Genie\u00dfen Sie die freundliche und ungezwungene Atmosph\u00e4re, in der das Handeln noch Freude macht.<\/li>\n<\/ul>\n<\/div>\n\n\n\n<div class=\"wp-block-column is-layout-flow wp-block-column-is-layout-flow\">\n<h5 class=\"wp-block-heading\">Stand online reservieren:<\/h5>\n\n\n\n<p><strong>Reserviere Deinen Standplatz online!<\/strong> Du hast bei uns die einmalige M\u00f6glichkeit, bei der Online-Buchung Deinen <strong>Standplatz selber auszusuchen<\/strong>. Mit unserem Buchungssystem geht das ganz einfach. So kannst Du schnell und einfach von Zuhause aus Deinen pers\u00f6nlichen Stand buchen. Du bestimmst per Mausklick, wo Du stehst..<\/p>\n<\/div>\n<\/div>\n\n\n\n<hr class=\"wp-block-separator has-text-color has-vivid-green-cyan-color has-alpha-channel-opacity has-vivid-green-cyan-background-color has-background is-style-wide\"\/>\n\n\n\n<div class=\"wp-block-columns is-layout-flex wp-container-core-columns-is-layout-9d6595d7 wp-block-columns-is-layout-flex\">\n<div class=\"wp-block-column is-layout-flow wp-block-column-is-layout-flow\">\n<h5 class=\"wp-block-heading\">Info- &amp; Servicestand<\/h5>\n\n\n\n<p>Wir sind vor Ort f\u00fcr Dich da! Du ben\u00f6tigst Informationen oder Hilfe, ? Dann wenden Dich bitte jederzeit an die Mitglieder des Organisationsteams am Info- &amp; Servicestand des BfK<\/p>\n<\/div>\n\n\n\n<div class=\"wp-block-column is-layout-flow wp-block-column-is-layout-flow\">\n<p><\/p>\n<\/div>\n<\/div>\n\n\n\n<hr class=\"wp-block-separator has-alpha-channel-opacity is-style-wide\"\/>\n\n\n\n<hr class=\"wp-block-separator has-alpha-channel-opacity is-style-wide\"\/>\n\n\n\n<h6 class=\"wp-block-heading\">Warum nimmt sich der BfK dem Thema &#8222;Flohmarkt&#8220; an?<\/h6>\n\n\n\n<p>Wir wurden bereits mehrfach auf die Durchf\u00fchrung eines gro\u00dfen Flohmarktes angesprochen. Erste Erfahrungen bei der Umsetzung von Mottoflohm\u00e4rkten (<a data-type=\"page\" data-id=\"4629\" href=\"https:\/\/www.buerger-fuer-kaltenweide.de\/freundinnenabend\/\">Freundinnenabend<\/a>) sowie der Umsetzung von gr\u00f6\u00dferen Veranstaltungen (<a data-type=\"page\" data-id=\"4734\" href=\"https:\/\/www.buerger-fuer-kaltenweide.de\/unser-ort\/sommerfest\/\">Das Kaltenweider Sommerfest\u2026.<\/a>) haben wir bereits.<\/p>\n\n\n\n<p>Ein Flohmarkt passt zu den <strong>Zielen unseres Vereins<\/strong>. Flohm\u00e4rkte sind oft<strong> soziale Ereignisse<\/strong>, bei denen <strong>Menschen<\/strong> aus der Nachbarschaft <strong>zusammenkommen<\/strong>. Sie bieten die M\u00f6glichkeit, mit anderen zu plaudern, <strong>Kontakte<\/strong> zu <strong>kn\u00fcpfen <\/strong>und eine<strong> Gemeinschaft<\/strong> zu <strong>st\u00e4rken<\/strong>.<\/p>\n\n\n\n<p>Auch k\u00f6nnen bei einem weiteren, sehr wichtigen Thema Unterst\u00fctzen &#8211; beim Thema &#8222;<strong>Nachhaltigkeit<\/strong>&#8222;. Flohm\u00e4rkte <strong>f\u00f6rdern <\/strong>die <strong>Wiederverwendung<\/strong> und tragen zur <strong>Reduzierung von Abf\u00e4llen<\/strong> und <strong>Ressourcenverschwendung<\/strong> bei. Indem Gegenst\u00e4nde einen neuen Besitzer finden, werden sie vor der M\u00fclldeponie gerettet.<\/p>\n","protected":false},"excerpt":{"rendered":"<p>Entdecke die einzigartige und entspannte Flohmarkt-Atmosph\u00e4re in Zentrum von Kaltenweide! Durchst\u00f6bere \u00fcber 100 St\u00e4nde voller verschiedenster Second-Hand-Sch\u00e4tze und ergatter Schn\u00e4ppchen und einzigartige Fundst\u00fccke. Du kannst auch selbst mit einem Stand teilnehmen und Platz schaffen in den eigenen vier W\u00e4nden sowie<\/p>\n","protected":false},"author":1,"featured_media":0,"parent":0,"menu_order":0,"comment_status":"closed","ping_status":"closed","template":"","meta":{"footnotes":""},"class_list":["post-198","page","type-page","status-publish","hentry"],"_links":{"self":[{"href":"https:\/\/www.buerger-fuer-kaltenweide.de\/flohmarkt\/wp-json\/wp\/v2\/pages\/198","targetHints":{"allow":["GET"]}}],"collection":[{"href":"https:\/\/www.buerger-fuer-kaltenweide.de\/flohmarkt\/wp-json\/wp\/v2\/pages"}],"about":[{"href":"https:\/\/www.buerger-fuer-kaltenweide.de\/flohmarkt\/wp-json\/wp\/v2\/types\/page"}],"author":[{"embeddable":true,"href":"https:\/\/www.buerger-fuer-kaltenweide.de\/flohmarkt\/wp-json\/wp\/v2\/users\/1"}],"replies":[{"embeddable":true,"href":"https:\/\/www.buerger-fuer-kaltenweide.de\/flohmarkt\/wp-json\/wp\/v2\/comments?post=198"}],"version-history":[{"count":50,"href":"https:\/\/www.buerger-fuer-kaltenweide.de\/flohmarkt\/wp-json\/wp\/v2\/pages\/198\/revisions"}],"predecessor-version":[{"id":1380,"href":"https:\/\/www.buerger-fuer-kaltenweide.de\/flohmarkt\/wp-json\/wp\/v2\/pages\/198\/revisions\/1380"}],"wp:attachment":[{"href":"https:\/\/www.buerger-fuer-kaltenweide.de\/flohmarkt\/wp-json\/wp\/v2\/media?parent=198"}],"curies":[{"name":"wp","href":"https:\/\/api.w.org\/{rel}","templated":true}]}}

Willkommen zum Flohmarkt Kaltenweide – dem größten Flohmarkt in Langenhagen ausschließlich für private Verkäuferinnen und Verkäufer!

<div class="wp-block-columns is-layout-flex wp-container-core-columns-is-layout-9d6595d7 wp-block-columns-is-layout-flex">
<div class="wp-block-column is-layout-flow wp-block-column-is-layout-flow" style="flex-basis:66.66%">
<h6 class="wp-block-heading">Entdecke die einzigartige und entspannte Flohmarkt-Atmosphäre in Zentrum von Kaltenweide! Durchstöbere über 100 Stände voller verschiedenster Second-Hand-Schätze und ergatter Schnäppchen und einzigartige Fundstücke. </h6>



<h6 class="wp-block-heading">Du kannst auch selbst mit einem Stand teilnehmen und Platz schaffen in den eigenen vier Wänden sowie Deinem Kleiderschrank zum Wohle der Umwelt und des Geldbeutels.</h6>



<h6 class="wp-block-heading">Besuche uns und entdecke Deinen neuen Lieblingsflohmarkt in Kaltenweide – wo Schätze und Schnäppchen auf Dich warten!</h6>
</div>



<div class="wp-block-column is-layout-flow wp-block-column-is-layout-flow" style="flex-basis:33.33%">
<figure class="wp-block-image size-full"><img loading="lazy" decoding="async" width="2560" height="1920" src="https://www.buerger-fuer-kaltenweide.de/flohmarkt/wp-content/uploads/sites/4/2024/11/IMG_5536-scaled.jpeg" alt="(c) 2024 - Florian Windeck / Bürger für Kaltenweide e.V. | Flohmarkt Kaltenweide am 15.09.2024" class="wp-image-780" srcset="https://www.buerger-fuer-kaltenweide.de/flohmarkt/wp-content/uploads/sites/4/2024/11/IMG_5536-scaled.jpeg 2560w, https://www.buerger-fuer-kaltenweide.de/flohmarkt/wp-content/uploads/sites/4/2024/11/IMG_5536-300x225.jpeg 300w, https://www.buerger-fuer-kaltenweide.de/flohmarkt/wp-content/uploads/sites/4/2024/11/IMG_5536-768x576.jpeg 768w, https://www.buerger-fuer-kaltenweide.de/flohmarkt/wp-content/uploads/sites/4/2024/11/IMG_5536-1536x1152.jpeg 1536w, https://www.buerger-fuer-kaltenweide.de/flohmarkt/wp-content/uploads/sites/4/2024/11/IMG_5536-2048x1536.jpeg 2048w, https://www.buerger-fuer-kaltenweide.de/flohmarkt/wp-content/uploads/sites/4/2024/11/IMG_5536-600x450.jpeg 600w, https://www.buerger-fuer-kaltenweide.de/flohmarkt/wp-content/uploads/sites/4/2024/11/IMG_5536-320x240.jpeg 320w" sizes="auto, (max-width: 2560px) 100vw, 2560px" /></figure>
</div>
</div>



<hr class="wp-block-separator has-text-color has-vivid-green-cyan-color has-alpha-channel-opacity has-vivid-green-cyan-background-color has-background is-style-wide"/>



<h2 class="wp-block-heading">Unsere Gastronomie-Partner</h2>



<div class="wp-block-columns is-layout-flex wp-container-core-columns-is-layout-9d6595d7 wp-block-columns-is-layout-flex">
<div class="wp-block-column is-layout-flow wp-block-column-is-layout-flow"><div class="wp-block-image">
<figure class="aligncenter size-full is-resized"><a href="https://www.buerger-fuer-kaltenweide.de/ttav" target="_blank" rel=" noreferrer noopener"><img loading="lazy" decoding="async" width="240" height="232" src="https://www.buerger-fuer-kaltenweide.de/flohmarkt/wp-content/uploads/sites/4/2025/04/logo-foerderverein-3.png" alt="" class="wp-image-1165" style="width:250px;height:auto"/></a></figure>
</div></div>



<div class="wp-block-column is-layout-flow wp-block-column-is-layout-flow"><div class="wp-block-image">
<figure class="aligncenter size-full is-resized"><a href="https://www.buerger-fuer-kaltenweide.de/2hld" target="_blank" rel=" noreferrer noopener"><img loading="lazy" decoding="async" width="495" height="409" src="https://www.buerger-fuer-kaltenweide.de/flohmarkt/wp-content/uploads/sites/4/2025/04/logo_maurizio.png" alt="" class="wp-image-1164" style="width:250px" srcset="https://www.buerger-fuer-kaltenweide.de/flohmarkt/wp-content/uploads/sites/4/2025/04/logo_maurizio.png 495w, https://www.buerger-fuer-kaltenweide.de/flohmarkt/wp-content/uploads/sites/4/2025/04/logo_maurizio-300x248.png 300w" sizes="auto, (max-width: 495px) 100vw, 495px" /></a></figure>
</div></div>



<div class="wp-block-column is-layout-flow wp-block-column-is-layout-flow"></div>
</div>



<hr class="wp-block-separator has-text-color has-vivid-green-cyan-color has-alpha-channel-opacity has-vivid-green-cyan-background-color has-background is-style-wide"/>



<div class="wp-block-columns is-layout-flex wp-container-core-columns-is-layout-9d6595d7 wp-block-columns-is-layout-flex">
<div class="wp-block-column is-layout-flow wp-block-column-is-layout-flow">
<h5 class="wp-block-heading">Was Dich erwartet</h5>



<ul class="wp-block-list">
<li><strong>Vielfältiges Angebot:</strong>&nbsp;Von Kleidung über Haushaltswaren bis hin zu Sammlerstücken – hier finden Sie alles, was das Herz begehrt.</li>



<li><strong>Privater Verkauf:</strong>&nbsp;Der Flohmarkt ist speziell für private Verkäuferinnen und Verkäufer, die ihre gebrauchten Artikel an neue Besitzer weitergeben möchten.</li>



<li><strong>Gemütliche Atmosphäre:</strong>&nbsp;Genießen Sie die freundliche und ungezwungene Atmosphäre, in der das Handeln noch Freude macht.</li>
</ul>
</div>



<div class="wp-block-column is-layout-flow wp-block-column-is-layout-flow">
<h5 class="wp-block-heading">Stand online reservieren:</h5>



<p><strong>Reserviere Deinen Standplatz online!</strong> Du hast bei uns die einmalige Möglichkeit, bei der Online-Buchung Deinen <strong>Standplatz selber auszusuchen</strong>. Mit unserem Buchungssystem geht das ganz einfach. So kannst Du schnell und einfach von Zuhause aus Deinen persönlichen Stand buchen. Du bestimmst per Mausklick, wo Du stehst..</p>
</div>
</div>



<hr class="wp-block-separator has-text-color has-vivid-green-cyan-color has-alpha-channel-opacity has-vivid-green-cyan-background-color has-background is-style-wide"/>



<div class="wp-block-columns is-layout-flex wp-container-core-columns-is-layout-9d6595d7 wp-block-columns-is-layout-flex">
<div class="wp-block-column is-layout-flow wp-block-column-is-layout-flow">
<h5 class="wp-block-heading">Info- &amp; Servicestand</h5>



<p>Wir sind vor Ort für Dich da! Du benötigst Informationen oder Hilfe, ? Dann wenden Dich bitte jederzeit an die Mitglieder des Organisationsteams am Info- &amp; Servicestand des BfK</p>
</div>



<div class="wp-block-column is-layout-flow wp-block-column-is-layout-flow">
<p></p>
</div>
</div>



<hr class="wp-block-separator has-alpha-channel-opacity is-style-wide"/>



<hr class="wp-block-separator has-alpha-channel-opacity is-style-wide"/>



<h6 class="wp-block-heading">Warum nimmt sich der BfK dem Thema &#8222;Flohmarkt&#8220; an?</h6>



<p>Wir wurden bereits mehrfach auf die Durchführung eines großen Flohmarktes angesprochen. Erste Erfahrungen bei der Umsetzung von Mottoflohmärkten (<a data-type="page" data-id="4629" href="https://www.buerger-fuer-kaltenweide.de/freundinnenabend/">Freundinnenabend</a>) sowie der Umsetzung von größeren Veranstaltungen (<a data-type="page" data-id="4734" href="https://www.buerger-fuer-kaltenweide.de/unser-ort/sommerfest/">Das Kaltenweider Sommerfest….</a>) haben wir bereits.</p>



<p>Ein Flohmarkt passt zu den <strong>Zielen unseres Vereins</strong>. Flohmärkte sind oft<strong> soziale Ereignisse</strong>, bei denen <strong>Menschen</strong> aus der Nachbarschaft <strong>zusammenkommen</strong>. Sie bieten die Möglichkeit, mit anderen zu plaudern, <strong>Kontakte</strong> zu <strong>knüpfen </strong>und eine<strong> Gemeinschaft</strong> zu <strong>stärken</strong>.</p>



<p>Auch können bei einem weiteren, sehr wichtigen Thema Unterstützen &#8211; beim Thema &#8222;<strong>Nachhaltigkeit</strong>&#8222;. Flohmärkte <strong>fördern </strong>die <strong>Wiederverwendung</strong> und tragen zur <strong>Reduzierung von Abfällen</strong> und <strong>Ressourcenverschwendung</strong> bei. Indem Gegenstände einen neuen Besitzer finden, werden sie vor der Mülldeponie gerettet.</p>

<p>Entdecke die einzigartige und entspannte Flohmarkt-Atmosphäre in Zentrum von Kaltenweide! Durchstöbere über 100 Stände voller verschiedenster Second-Hand-Schätze und ergatter Schnäppchen und einzigartige Fundstücke. Du kannst auch selbst mit einem Stand teilnehmen und Platz schaffen in den eigenen vier Wänden sowie</p>
