{"id":64,"date":"2024-01-13T17:44:22","date_gmt":"2024-01-13T16:44:22","guid":{"rendered":"https:\/\/www.buerger-fuer-kaltenweide.de\/flohmarkt\/?page_id=64"},"modified":"2024-03-11T12:07:34","modified_gmt":"2024-03-11T11:07:34","slug":"newsletter","status":"publish","type":"page","link":"https:\/\/www.buerger-fuer-kaltenweide.de\/flohmarkt\/newsletter\/","title":{"rendered":"Newsletter"},"content":{"rendered":"\n<h5 class=\"wp-block-heading\">Bleibe mit uns in Verbindung! Wir senden dir aktuelle Infos, \u00c4nderungen sowie neue Termine per E-Mail. <\/h5>\n\n\n\n<p>Wir speichern die angegebenen Daten f\u00fcr den Newsletterversand. Die Einwilligung k\u00f6nnen Sie jederzeit widerrufen. Mit dem Absenden erkl\u00e4ren Sie sich mit unseren Datenschutzbestimmungen einverstanden.<\/p>\n\n\n\n<p><iframe loading=\"lazy\" style=\"border: 0px #FFFFFF none;\" src=\"https:\/\/newsletter.buerger-fuer-kaltenweide.de\/?p=subscribe&#038;id=7\" name=\"myiframe\" width=\"10000\" height=\"650\" frameborder=\"0\" marginwidth=\"0px\" marginheight=\"0px\" scrolling=\"no\" align=\"aus\"><\/iframe><\/p>\n\n\n\n<p><\/p>\n","protected":false},"excerpt":{"rendered":"<p>Bleibe mit uns in Verbindung! Wir senden dir aktuelle Infos, \u00c4nderungen sowie neue Termine per E-Mail. Wir speichern die angegebenen Daten f\u00fcr den Newsletterversand. Die Einwilligung k\u00f6nnen Sie jederzeit widerrufen. Mit dem Absenden erkl\u00e4ren Sie sich mit unseren Datenschutzbestimmungen einverstanden.<\/p>\n","protected":false},"author":1,"featured_media":0,"parent":0,"menu_order":0,"comment_status":"closed","ping_status":"closed","template":"","meta":{"footnotes":""},"class_list":["post-64","page","type-page","status-publish","hentry"],"_links":{"self":[{"href":"https:\/\/www.buerger-fuer-kaltenweide.de\/flohmarkt\/wp-json\/wp\/v2\/pages\/64","targetHints":{"allow":["GET"]}}],"collection":[{"href":"https:\/\/www.buerger-fuer-kaltenweide.de\/flohmarkt\/wp-json\/wp\/v2\/pages"}],"about":[{"href":"https:\/\/www.buerger-fuer-kaltenweide.de\/flohmarkt\/wp-json\/wp\/v2\/types\/page"}],"author":[{"embeddable":true,"href":"https:\/\/www.buerger-fuer-kaltenweide.de\/flohmarkt\/wp-json\/wp\/v2\/users\/1"}],"replies":[{"embeddable":true,"href":"https:\/\/www.buerger-fuer-kaltenweide.de\/flohmarkt\/wp-json\/wp\/v2\/comments?post=64"}],"version-history":[{"count":11,"href":"https:\/\/www.buerger-fuer-kaltenweide.de\/flohmarkt\/wp-json\/wp\/v2\/pages\/64\/revisions"}],"predecessor-version":[{"id":153,"href":"https:\/\/www.buerger-fuer-kaltenweide.de\/flohmarkt\/wp-json\/wp\/v2\/pages\/64\/revisions\/153"}],"wp:attachment":[{"href":"https:\/\/www.buerger-fuer-kaltenweide.de\/flohmarkt\/wp-json\/wp\/v2\/media?parent=64"}],"curies":[{"name":"wp","href":"https:\/\/api.w.org\/{rel}","templated":true}]}}