{"id":557,"date":"2026-02-21T17:06:09","date_gmt":"2026-02-21T16:06:09","guid":{"rendered":"https:\/\/www.buerger-fuer-kaltenweide.de\/sommerfest\/?page_id=557"},"modified":"2026-03-07T22:39:41","modified_gmt":"2026-03-07T21:39:41","slug":"teilnahmebedingungen","status":"publish","type":"page","link":"https:\/\/www.buerger-fuer-kaltenweide.de\/sommerfest\/teilnahmebedingungen\/","title":{"rendered":"Teilnahmebedingungen"},"content":{"rendered":"\n<p>Die Standgeb\u00fchr wird bei Ausstellern pro laufendem Meter berechnet sowie bei St\u00e4nden mit gastronomischem Angebot nach Absprache.\u00a0<strong>F\u00fcr jeden Stand ist eine Kuchenspende<\/strong>\u00a0f\u00fcr das Kuchenbuffet im Margeritenhof abzugeben, wo es eine Kaffeetafel f\u00fcr Jung und Alt gibt.\u00a0<strong>Wird kein Kuchen abgegeben sind 20,00 \u20ac in bar f\u00e4llig<\/strong>.<\/p>\n\n\n\n<p>Aussteller mit gastronomischem Angebot m\u00fcssen sicherstellen, dass eine Genehmigung \u201eAnzeige eines Gastst\u00e4ttengewerbes nach \u00a72 Abs. 1 und 2 des Nieders\u00e4chsischen Gastst\u00e4ttengewerbes\u201c vorliegt (Anzeigeformular kann per E-Mail angefordert werden).\u00a0<\/p>\n\n\n\n<p>Die Standtiefe betr\u00e4gt f\u00fcr Aussteller maximal 3 Meter f\u00fcr jeden Platz und muss eingehalten werden. Es muss ein Abstand von 2 Metern zu Treppen eingehalten werden.\u00a0<\/p>\n\n\n\n<p>Eine \u00dcberdachung z.B. in Form eines Pavillons oder eines Sonnenschirmes oder Sonnensegels ist m\u00f6glich \u2013 vor Ort stehen jedoch keine Befestigungsm\u00f6glichkeiten zur Verf\u00fcgung. Es werden seitens des Veranstalters keine Pavillons zur Anmietung angeboten.<\/p>\n\n\n\n<p>Das Fest dauert von 13:00 Uhr bis 19:00 Uhr. Der Aufbau kann ab 10 Uhr erfolgen. Abbau direkt im Anschluss an die Veranstaltung. Unmittelbar nach dem Entladen sind die Fahrzeuge wegzufahren, sp\u00e4testens jedoch um 12:00 Uhr.\u00a0<\/p>\n\n\n\n<p>Wenn Sie einen Stromanschluss ben\u00f6tigen, bringen Sie bitte eine Kabeltrommel und Klebeband zum Fixieren mit. Dieses muss anschlie\u00dfend r\u00fcckstandslos entfernt werden. Die Kabeltrommel muss vollst\u00e4ndig abgerollt werden, da sonst Kurzschlussgefahr besteht. Bitte beachten Sie Ihre ben\u00f6tigte Wattanzahl f\u00fcr Ihre Ger\u00e4te. Bitte denken Sie auch an Handfeger &amp; Kehrblech sowie an M\u00fcllt\u00fcten.<\/p>\n\n\n\n<p>Der Standplatz muss sauber und ordentlich hinterlassen werden. Bei gastronomischen Angeboten muss eine sichtbare M\u00fclltonne aufgestellt und selbstst\u00e4ndig entsorgt werden. Bei Nichterf\u00fcllung wird die Entsorgung in Rechnung gestellt.<\/p>\n\n\n\n<p>Kuchenspenden sind sp\u00e4testens bis 13:00 Uhr im Margeritenhof abzugeben.\u00a0<\/p>\n\n\n\n<p>Die Anmeldung ist erst nach Best\u00e4tigung und erfolgter Rechnungsstellung durch den Veranstalter und anschlie\u00dfender Zahlung der Standgeb\u00fchr verbindlich. Eine Stornierung &amp; R\u00fcckerstattung ist nur bis 14 Tage vor der Veranstatung m\u00f6glich. Eine Rechnung (ohne MwSt.-Ausweis aufgrund der Kleinunternehmerregelung) ist auf Anfrage erh\u00e4ltlich. Zahlende Aussteller erhalten am Veranstaltungstag eine Quittung ausgeh\u00e4ndigt.<\/p>\n\n\n\n<p>Der Veranstalter schlie\u00dft f\u00fcr die Veranstaltungstage eine Veranstaltungs-Haftpflicht-Versicherung ab. Sch\u00e4den am oder durch das Ausstellungsgut der Standbetreiber, die von dieser Versicherung nicht gedeckt werden, stehen in der Verantwortung des Standbetreibers. Aussteller sollten im eigenen Interesse eine eigene Haftpflichtversicherung abschlie\u00dfen. Es wird keine Haftung bei Besch\u00e4digung oder Verlust von Ausstellungsgegenst\u00e4nden \u00fcbernommen.<\/p>\n","protected":false},"excerpt":{"rendered":"<p>Die Standgeb\u00fchr wird bei Ausstellern pro laufendem Meter berechnet sowie bei St\u00e4nden mit gastronomischem Angebot nach Absprache.\u00a0F\u00fcr jeden Stand ist eine Kuchenspende\u00a0f\u00fcr das Kuchenbuffet im Margeritenhof abzugeben, wo es eine Kaffeetafel f\u00fcr Jung und Alt gibt.\u00a0Wird kein Kuchen abgegeben sind<\/p>\n","protected":false},"author":1,"featured_media":0,"parent":0,"menu_order":0,"comment_status":"closed","ping_status":"closed","template":"","meta":{"footnotes":""},"class_list":["post-557","page","type-page","status-publish","hentry"],"_links":{"self":[{"href":"https:\/\/www.buerger-fuer-kaltenweide.de\/sommerfest\/wp-json\/wp\/v2\/pages\/557","targetHints":{"allow":["GET"]}}],"collection":[{"href":"https:\/\/www.buerger-fuer-kaltenweide.de\/sommerfest\/wp-json\/wp\/v2\/pages"}],"about":[{"href":"https:\/\/www.buerger-fuer-kaltenweide.de\/sommerfest\/wp-json\/wp\/v2\/types\/page"}],"author":[{"embeddable":true,"href":"https:\/\/www.buerger-fuer-kaltenweide.de\/sommerfest\/wp-json\/wp\/v2\/users\/1"}],"replies":[{"embeddable":true,"href":"https:\/\/www.buerger-fuer-kaltenweide.de\/sommerfest\/wp-json\/wp\/v2\/comments?post=557"}],"version-history":[{"count":2,"href":"https:\/\/www.buerger-fuer-kaltenweide.de\/sommerfest\/wp-json\/wp\/v2\/pages\/557\/revisions"}],"predecessor-version":[{"id":584,"href":"https:\/\/www.buerger-fuer-kaltenweide.de\/sommerfest\/wp-json\/wp\/v2\/pages\/557\/revisions\/584"}],"wp:attachment":[{"href":"https:\/\/www.buerger-fuer-kaltenweide.de\/sommerfest\/wp-json\/wp\/v2\/media?parent=557"}],"curies":[{"name":"wp","href":"https:\/\/api.w.org\/{rel}","templated":true}]}}