{"id":38,"date":"2024-04-02T20:38:21","date_gmt":"2024-04-02T18:38:21","guid":{"rendered":"https:\/\/www.buerger-fuer-kaltenweide.de\/unser-ort\/?page_id=38"},"modified":"2024-04-03T14:26:02","modified_gmt":"2024-04-03T12:26:02","slug":"schuetzenfest","status":"publish","type":"page","link":"https:\/\/www.buerger-fuer-kaltenweide.de\/unser-ort\/veranstaltungen\/schuetzenfest\/","title":{"rendered":"Sch\u00fctzenfest"},"content":{"rendered":"\n<p>J\u00e4hrlich an Pfingsten findet traditionell das Sch\u00fctzenfest in Kaltenweide statt. Das Sch\u00fctzenfest ist mittlerweile auch \u00fcber die Ortsgrenzen hinaus bekannt und beliebt, dass an allen vier Veranstaltungstagen die Menschen anzieht.<\/p>\n\n\n\n<div class=\"wp-block-columns is-layout-flex wp-container-core-columns-is-layout-9d6595d7 wp-block-columns-is-layout-flex\">\n<div class=\"wp-block-column is-layout-flow wp-block-column-is-layout-flow\">\n<h2 class=\"wp-block-heading has-text-align-center\"><strong>Sch\u00fctzenfest 2024<\/strong><\/h2>\n\n\n\n<h3 class=\"wp-block-heading has-text-align-center\"><strong>17.05.2024 bis zum 20.05.2024<\/strong><br>auf dem Zellerieplatz in Kaltenweide<\/h3>\n\n\n\n<p><\/p>\n<\/div>\n\n\n\n<div class=\"wp-block-column is-layout-flow wp-block-column-is-layout-flow\">\n<figure class=\"wp-block-image size-large\"><img loading=\"lazy\" decoding=\"async\" width=\"1024\" height=\"1024\" src=\"https:\/\/www.buerger-fuer-kaltenweide.de\/unser-ort\/wp-content\/uploads\/sites\/9\/2024\/04\/2024_schuetzenverein_schuetzenfest-1024x1024.jpg\" alt=\"(c) 2024 - Sch\u00fctzenverein Kaltenweide | Programm des Kaltenweider Sch\u00fctzenfest 2024\" class=\"wp-image-112\" srcset=\"https:\/\/www.buerger-fuer-kaltenweide.de\/unser-ort\/wp-content\/uploads\/sites\/9\/2024\/04\/2024_schuetzenverein_schuetzenfest-1024x1024.jpg 1024w, https:\/\/www.buerger-fuer-kaltenweide.de\/unser-ort\/wp-content\/uploads\/sites\/9\/2024\/04\/2024_schuetzenverein_schuetzenfest-300x300.jpg 300w, https:\/\/www.buerger-fuer-kaltenweide.de\/unser-ort\/wp-content\/uploads\/sites\/9\/2024\/04\/2024_schuetzenverein_schuetzenfest-150x150.jpg 150w, https:\/\/www.buerger-fuer-kaltenweide.de\/unser-ort\/wp-content\/uploads\/sites\/9\/2024\/04\/2024_schuetzenverein_schuetzenfest-768x768.jpg 768w, https:\/\/www.buerger-fuer-kaltenweide.de\/unser-ort\/wp-content\/uploads\/sites\/9\/2024\/04\/2024_schuetzenverein_schuetzenfest-230x230.jpg 230w, https:\/\/www.buerger-fuer-kaltenweide.de\/unser-ort\/wp-content\/uploads\/sites\/9\/2024\/04\/2024_schuetzenverein_schuetzenfest-365x365.jpg 365w, https:\/\/www.buerger-fuer-kaltenweide.de\/unser-ort\/wp-content\/uploads\/sites\/9\/2024\/04\/2024_schuetzenverein_schuetzenfest-65x65.jpg 65w, https:\/\/www.buerger-fuer-kaltenweide.de\/unser-ort\/wp-content\/uploads\/sites\/9\/2024\/04\/2024_schuetzenverein_schuetzenfest.jpg 1080w\" sizes=\"auto, (max-width: 1024px) 100vw, 1024px\" \/><figcaption class=\"wp-element-caption\">Programm des Kaltenweider Sch\u00fctzenfest 2024<\/figcaption><\/figure>\n<\/div>\n<\/div>\n\n\n\n<p>Weitere Informationen zur Veranstaltung: <a href=\"https:\/\/www.schuetzenverein-kaltenweide.de\" target=\"_blank\" rel=\"noreferrer noopener\">https:\/\/www.schuetzenverein-kaltenweide.de<\/a><\/p>\n\n\n\n<figure class=\"wp-block-gallery has-nested-images columns-default is-cropped wp-block-gallery-1 is-layout-flex wp-block-gallery-is-layout-flex\">\n<figure class=\"wp-block-image size-large\"><img decoding=\"async\" data-id=\"6058\" src=\"https:\/\/www.buerger-fuer-kaltenweide.de\/wp-content\/uploads\/2023\/05\/IMG_6004-1024x768.jpeg\" alt=\"\" class=\"wp-image-6058\"\/><\/figure>\n\n\n\n<figure class=\"wp-block-image size-large\"><img decoding=\"async\" data-id=\"6057\" src=\"https:\/\/www.buerger-fuer-kaltenweide.de\/wp-content\/uploads\/2023\/05\/IMG_6016-1024x768.jpeg\" alt=\"\" class=\"wp-image-6057\"\/><\/figure>\n<\/figure>\n","protected":false},"excerpt":{"rendered":"<p>J\u00e4hrlich an Pfingsten findet traditionell das Sch\u00fctzenfest in Kaltenweide statt. Das Sch\u00fctzenfest ist mittlerweile auch \u00fcber die Ortsgrenzen hinaus bekannt und beliebt, dass an allen vier Veranstaltungstagen die Menschen anzieht. Sch\u00fctzenfest 2024 17.05.2024 bis zum 20.05.2024auf dem Zellerieplatz in Kaltenweide<\/p>\n","protected":false},"author":1,"featured_media":0,"parent":51,"menu_order":0,"comment_status":"closed","ping_status":"closed","template":"","meta":{"footnotes":""},"class_list":["post-38","page","type-page","status-publish","hentry"],"_links":{"self":[{"href":"https:\/\/www.buerger-fuer-kaltenweide.de\/unser-ort\/wp-json\/wp\/v2\/pages\/38","targetHints":{"allow":["GET"]}}],"collection":[{"href":"https:\/\/www.buerger-fuer-kaltenweide.de\/unser-ort\/wp-json\/wp\/v2\/pages"}],"about":[{"href":"https:\/\/www.buerger-fuer-kaltenweide.de\/unser-ort\/wp-json\/wp\/v2\/types\/page"}],"author":[{"embeddable":true,"href":"https:\/\/www.buerger-fuer-kaltenweide.de\/unser-ort\/wp-json\/wp\/v2\/users\/1"}],"replies":[{"embeddable":true,"href":"https:\/\/www.buerger-fuer-kaltenweide.de\/unser-ort\/wp-json\/wp\/v2\/comments?post=38"}],"version-history":[{"count":7,"href":"https:\/\/www.buerger-fuer-kaltenweide.de\/unser-ort\/wp-json\/wp\/v2\/pages\/38\/revisions"}],"predecessor-version":[{"id":115,"href":"https:\/\/www.buerger-fuer-kaltenweide.de\/unser-ort\/wp-json\/wp\/v2\/pages\/38\/revisions\/115"}],"up":[{"embeddable":true,"href":"https:\/\/www.buerger-fuer-kaltenweide.de\/unser-ort\/wp-json\/wp\/v2\/pages\/51"}],"wp:attachment":[{"href":"https:\/\/www.buerger-fuer-kaltenweide.de\/unser-ort\/wp-json\/wp\/v2\/media?parent=38"}],"curies":[{"name":"wp","href":"https:\/\/api.w.org\/{rel}","templated":true}]}}